{"id":9,"date":"2025-01-28T09:32:58","date_gmt":"2025-01-28T09:32:58","guid":{"rendered":"https:\/\/www.jokeragiris.com\/?page_id=9"},"modified":"2025-06-13T08:51:25","modified_gmt":"2025-06-13T08:51:25","slug":"jokera-giris-adresi","status":"publish","type":"page","link":"https:\/\/www.jokeragiris.com\/","title":{"rendered":"Jokera Giri\u015f Adresi\u00a0ile Kazanmaya Haz\u0131r Ol"},"content":{"rendered":"\n<p>Heyecan uyand\u0131ran oyun se\u00e7enekleri ve etkinlik f\u0131rsatlar\u0131 ile birlikte her daim g\u00fcndemde yer alan marka, jokera giri\u015f adresinde seni de a\u011f\u0131rlamaya haz\u0131rlan\u0131yor. Burada bulunmak heyecan verici bir deneyimi de beraberinde getirecek ve daha da \u00f6nemlisi g\u00fcn\u00fcn sonunda sen de hatr\u0131 say\u0131l\u0131r paralar kazanacaks\u0131n.<\/p>\n\n\n\n<figure class=\"wp-block-image aligncenter size-full\"><a href=\"https:\/\/cdnt15.azrso1530.com\/_92Il54QTmO_fqkjkW3rFqWNd7ZgqdRLk\/31482\/\" target=\"_blank\" rel=\" noreferrer noopener\"><img loading=\"lazy\" decoding=\"async\" width=\"728\" height=\"90\" src=\"https:\/\/www.jokeragiris.com\/wp-content\/uploads\/2025\/05\/jokera-giris-jokera-uye-ol.gif\" alt=\"\" class=\"wp-image-71\"\/><\/a><\/figure>\n\n\n\n<p><strong>Jokera giri\u015f <\/strong>i\u015fleminden hemen sonra diledi\u011fin kategoride \u015fans\u0131n\u0131 deneyebilir ve markaya da bir kez olsun \u015fans tan\u0131yabilirsin. E\u011flencenin merkezi burada sana da en iyi olan\u0131 sunacak ve seni de en iyi \u015fekilde misafir ediyor olacakt\u0131r. Beklenti y\u00fcksek ancak marka sekt\u00f6r\u00fcn ne istedi\u011fini biliyor ve bu konuda fazlaca profesyonel davran\u0131yor.&nbsp;<\/p>\n\n\n\n<div class=\"wp-block-rank-math-toc-block\" id=\"rank-math-toc\"><h2><strong>Ba\u015fl\u0131klar<\/strong><\/h2><nav><ul><li class=\"\"><a href=\"#jokera-giris-adresi-hangisi\">Jokera Giri\u015f Adresi Hangisi?<\/a><\/li><li class=\"\"><a href=\"#jokera-canli-bahis-giris-adresi\">Jokera Canl\u0131 Bahis Giri\u015f Adresi\u00a0<\/a><\/li><li class=\"\"><a href=\"#jokera-giris-yap-kazan\">Jokera Giri\u015f\u00a0Yap Kazan<\/a><\/li><li class=\"\"><a href=\"#jokera-guvenli-ve-direkt-giris\">Jokera G\u00fcncel Giri\u015f Linkleri Nerede<\/a><\/li><li class=\"\"><a href=\"#jokera-ile-dunyani-aydinlat\">Jokera ile D\u00fcnyan\u0131 Ayd\u0131nlat<\/a><\/li><li class=\"\"><a href=\"#jokera-giris-adresinde-surprizler-var\">Jokera Giri\u015f Adresinde S\u00fcrprizler Var!<\/a><\/li><li class=\"\"><a href=\"#jokera-giris-seni-bekliyor-peki-ya-sen-neredesin\">Jokera Giri\u015f Seni Bekliyor. Peki Ya Sen Neredesin?<\/a><\/li><\/ul><\/nav><\/div>\n\n\n\n<h2 class=\"wp-block-heading\" id=\"jokera-giris-adresi-hangisi\"><strong>Jokera Giri\u015f Adresi Hangisi?<\/strong><\/h2>\n\n\n\n<p>Bahis severler, pc ba\u015f\u0131nda olmad\u0131\u011f\u0131 anlarda da bu heyecan\u0131 ya\u015famak ve an be an bahis yapmak istiyor. <strong><a href=\"https:\/\/www.jokeragiris.com\/\" target=\"_blank\" rel=\"noreferrer noopener\">Jokera giri\u015f<\/a><\/strong> linki ile birlikte sen de mobil uygulamay\u0131 downlaod ederek bu heyecan\u0131 ya\u015fayabilirsin. Tamamen \u00fccretsiz olan bu uygulama senin i\u00e7in tasarland\u0131 ve profesyonel bir oyun deneyimi sunuyor.&nbsp;<\/p>\n\n\n\n<p>Ger\u00e7ek bir yaz\u0131l\u0131m \u00fcr\u00fcn\u00fc olmas\u0131n\u0131n yan\u0131 s\u0131ra cihaz\u0131na herhangi bir \u015fekilde zarar vermeyecek ve daha da \u00f6nemlisi seni de tatmin edecektir. Art\u0131k markay\u0131 cebinde ta\u015f\u0131yabilir ve istedi\u011fin her an sen de diledi\u011fin gibi bahis yapabilirsin.&nbsp;<\/p>\n\n\n\n<figure class=\"wp-block-image aligncenter size-full\"><a href=\"https:\/\/bagla.link\/PDQOb\" target=\"_blank\" rel=\" noreferrer noopener\"><img loading=\"lazy\" decoding=\"async\" width=\"352\" height=\"72\" src=\"https:\/\/www.jokeragiris.com\/wp-content\/uploads\/2025\/01\/button_jokera-giris.png\" alt=\"\" class=\"wp-image-26\" srcset=\"https:\/\/www.jokeragiris.com\/wp-content\/uploads\/2025\/01\/button_jokera-giris.png 352w, https:\/\/www.jokeragiris.com\/wp-content\/uploads\/2025\/01\/button_jokera-giris-300x61.png 300w\" sizes=\"auto, (max-width: 352px) 100vw, 352px\" \/><\/a><\/figure>\n\n\n\n<h2 class=\"wp-block-heading\" id=\"jokera-canli-bahis-giris-adresi\"><strong>Jokera Canl\u0131 Bahis Giri\u015f Adresi&nbsp;<\/strong><\/h2>\n\n\n\n<p>Canl\u0131 bahis heyecan\u0131n\u0131 daha profesyonel bir mecrada ya\u015famak, g\u00fcn\u00fcn sonunda para kazanman\u0131 da daha kolay hale getiriyor olacakt\u0131r. <strong><a href=\"https:\/\/www.jokeratr.com\/jokera-casino-sitesi-ile-kasayi-patlat\/\" target=\"_blank\" rel=\"noreferrer noopener\">Jokera<\/a><\/strong> giri\u015f i\u015flemini sen de hemen \u015fimdi yapabilir ve bu e\u011flenceli ortam\u0131n tad\u0131n\u0131 \u00e7\u0131kartabilirsin. Maj\u00f6r liglerin yan\u0131 s\u0131ra amat\u00f6r m\u00fcsabakalar da bu b\u00fcltende yerini almaya devam ediyor ve yelpaze, tahmin etti\u011finden \u00e7ok daha geni\u015f.&nbsp;<\/p>\n\n\n\n<p>Sen de \u015fans\u0131n\u0131 deneyebilir ve hem y\u00fcksek oranlar hem de alternatif bahis t\u00fcrleri ile birlikte kazanc\u0131n\u0131 an be an katlayabilirsin. E\u011flence ve rekabetin merkezi olan bu adres, senin i\u00e7in de ideal bir yere d\u00f6n\u00fc\u015fecek ve sana da fazlaca para kazand\u0131r\u0131yor olacakt\u0131r.&nbsp;<\/p>\n\n\n\n<figure class=\"wp-block-image aligncenter size-full\"><a href=\"https:\/\/bagla.link\/PDQOb\" target=\"_blank\" rel=\" noreferrer noopener\"><img loading=\"lazy\" decoding=\"async\" width=\"300\" height=\"75\" src=\"https:\/\/www.jokeragiris.com\/wp-content\/uploads\/2025\/01\/jokera1.jpg\" alt=\"\" class=\"wp-image-25\"\/><\/a><\/figure>\n\n\n\n<h2 class=\"wp-block-heading\" id=\"jokera-giris-yap-kazan\"><strong>Jokera Giri\u015f&nbsp;Yap Kazan<\/strong><\/h2>\n\n\n\n<p><strong>Jokera giri\u015f <\/strong>i\u015flemi sonras\u0131 e\u011fer istersen canl\u0131 casino deneyimine de do\u011frudan tan\u0131kl\u0131k edebilir ve bu heyecan\u0131 kusursuz bir \u015fekilde ya\u015fayabilirsin. Beklentilerine yan\u0131t verecek ve seni de tatmin edecek olan bu oyun alan\u0131nda kazanmak \u00e7ok daha kolay g\u00f6r\u00fcn\u00fcyor. Etkileyici bir ortam yaratm\u0131\u015f durumdalar ve bu ortam\u0131 sanal olarak deneyimleyebiliyorsun.&nbsp;<\/p>\n\n\n\n<p>Sen de hak etti\u011fin kalite ve profesyonelli\u011fe ula\u015fmak ad\u0131na hemen \u015fimdi yerini alabilir ve kendine harika bir yol haritas\u0131 \u00e7izebilirsin. Binlerce bahis sever ile birlikte bu rekabetin tad\u0131n\u0131 en \u00f6zel \u015fekilde \u00e7\u0131kartacak ve daha da \u00f6nemlisi kazanman\u0131n hazz\u0131na eri\u015feceksin.&nbsp;<\/p>\n\n\n\n<figure class=\"wp-block-image aligncenter size-full is-resized\"><a href=\"https:\/\/bagla.link\/PDQOb\" target=\"_blank\" rel=\" noreferrer noopener\"><img loading=\"lazy\" decoding=\"async\" width=\"728\" height=\"90\" src=\"https:\/\/www.jokeragiris.com\/wp-content\/uploads\/2025\/01\/jokera-banner.gif\" alt=\"\" class=\"wp-image-24\" style=\"width:728px;height:auto\"\/><\/a><\/figure>\n\n\n\n<h2 class=\"wp-block-heading\" id=\"jokera-guvenli-ve-direkt-giris\"><strong>Jokera G\u00fcncel Giri\u015f Linkleri Nerede<\/strong><\/h2>\n\n\n\n<p>G\u00fcvenli ve sorunsuz bir \u015fekilde markaya ula\u015fmak ve bahis deneyimini daha s\u0131ra d\u0131\u015f\u0131 bir \u015fekilde ya\u015famak ad\u0131na sen de harekete ge\u00e7ebilirsin. <strong>Jokera giri\u015f <\/strong>butonuna t\u0131klaman yeterli ve bu sayede sen de resmi web sitesinde yerini alm\u0131\u015f olacaks\u0131n.&nbsp;<\/p>\n\n\n\n<p>Hayat\u0131na renk katmak ve g\u00fczel paralar kazanmak ad\u0131na bu yol en do\u011fru tercihlerden biri olacakt\u0131r. Heyecan verici bir oyun deneyimi ve \u00e7ok daha fazlas\u0131 i\u00e7in ki\u015fisel bir hesap a\u00e7abilirsin. Bu arada hesap olu\u015fturdu\u011fun an sen de ho\u015f geldin bonusu alacak ve bu bonusu da diledi\u011fin gibi kullanabileceksin. Rekabetin en \u00f6zel hali bu adreste kar\u015f\u0131na \u00e7\u0131kacak ve daha da \u00f6nemlisi marka deste\u011fini arkana alarak kazanman\u0131n daha kolay bir hal ald\u0131\u011f\u0131n\u0131 yine kendi g\u00f6zlerinle g\u00f6receksin. Burada her \u015fey senin i\u00e7in tasarland\u0131 ve en iyisi ile kar\u015f\u0131 kar\u015f\u0131ya geleceksin.&nbsp;&nbsp;<\/p>\n\n\n\n<figure class=\"wp-block-image aligncenter size-full\"><a href=\"https:\/\/cdnt15.azrso1530.com\/_92Il54QTmO_fqkjkW3rFqWNd7ZgqdRLk\/31482\/\" target=\"_blank\" rel=\" noreferrer noopener\"><img loading=\"lazy\" decoding=\"async\" width=\"728\" height=\"90\" src=\"https:\/\/www.jokeragiris.com\/wp-content\/uploads\/2025\/05\/jokera-giris-jokera-uye-ol.gif\" alt=\"\" class=\"wp-image-71\"\/><\/a><\/figure>\n\n\n\n<h2 class=\"wp-block-heading\" id=\"jokera-ile-dunyani-aydinlat\"><strong>Jokera ile D\u00fcnyan\u0131 Ayd\u0131nlat<\/strong><\/h2>\n\n\n\n<p>Jokera g\u00fcncel giri\u015f \u00fczerinden markaya ula\u015farak sen de bu ortam\u0131n tad\u0131n\u0131 \u00e7\u0131kartabilirsin. \u00c7ok s\u0131ra d\u0131\u015f\u0131 bir tema ve Batman filminin ana karakterleri ile harika bir deneyim sunan marka, tebrikleri fazlaca hak ediyor. Tema her ne kadar karanl\u0131k da olsa i\u00e7eride harika bir atmosfer var ve oyuncu deneyimi de zirveye ta\u015f\u0131n\u0131yor.&nbsp;<\/p>\n\n\n\n<figure class=\"wp-block-image aligncenter size-full\"><a href=\"https:\/\/bagla.link\/PDQOb\" target=\"_blank\" rel=\" noreferrer noopener\"><img loading=\"lazy\" decoding=\"async\" width=\"352\" height=\"72\" src=\"https:\/\/www.jokeragiris.com\/wp-content\/uploads\/2025\/01\/button_jokera-giris.png\" alt=\"\" class=\"wp-image-26\" srcset=\"https:\/\/www.jokeragiris.com\/wp-content\/uploads\/2025\/01\/button_jokera-giris.png 352w, https:\/\/www.jokeragiris.com\/wp-content\/uploads\/2025\/01\/button_jokera-giris-300x61.png 300w\" sizes=\"auto, (max-width: 352px) 100vw, 352px\" \/><\/a><\/figure>\n\n\n\n<p>Sen de hemen \u015fimdi jokera g\u00fcncel giri\u015f linkine t\u0131klayabilir ve kendine ki\u015fisel bir hesap olu\u015fturabilirsin. \u015eans oyunlar\u0131 sekt\u00f6r\u00fcnde beklenti her zaman i\u00e7in y\u00fcksek ve bu beklentiye yan\u0131t vermek de kolay bir i\u015f de\u011fil. Marka, k\u0131sa s\u00fcre i\u00e7erisinde bunu ba\u015fard\u0131 ve hali haz\u0131rda harikalar yaratmaya da devam ediyor.&nbsp;<\/p>\n\n\n\n<p>Kendine \u00f6zg\u00fcr bir i\u015fleyi\u015f ve hareketlili\u011fe sahip olan markay\u0131 tebrik ve takdir etmek ad\u0131na buraday\u0131m ve seni de bu ortama davet etmek isterim. Hayat\u0131na renk katmak ve bahis yaparak kendine ek gelir olu\u015fturmak istersen e\u011fer buras\u0131 en do\u011fru tercihlerden biri olacakt\u0131r.&nbsp;<\/p>\n\n\n\n<p>Jokera\u2019n\u0131n g\u00fcc\u00fcn\u00fc g\u00f6recek ve onlara hayran kalacaks\u0131n. Marka, k\u0131sa s\u00fcre i\u00e7erisinde muazzam bir i\u015fe imza att\u0131 ve hali haz\u0131rda atmaya da devam ediyor. Sekt\u00f6re verdi\u011fi de\u011fer ve katk\u0131 sayesinde \u00f6nc\u00fc olan i\u015fletme, \u015fans oyunlar\u0131 d\u00fcnyas\u0131n\u0131 da bir ad\u0131m \u00f6ne ta\u015f\u0131may\u0131 ba\u015far\u0131yor.&nbsp;<\/p>\n\n\n\n<figure class=\"wp-block-image aligncenter size-full is-resized\"><a href=\"https:\/\/bagla.link\/PDQOb\" target=\"_blank\" rel=\" noreferrer noopener\"><img loading=\"lazy\" decoding=\"async\" width=\"728\" height=\"90\" src=\"https:\/\/www.jokeragiris.com\/wp-content\/uploads\/2025\/01\/jokera-banner.gif\" alt=\"\" class=\"wp-image-24\" style=\"width:728px;height:auto\"\/><\/a><\/figure>\n\n\n\n<h2 class=\"wp-block-heading\" id=\"jokera-giris-adresinde-surprizler-var\"><strong>Jokera <strong>Giri\u015f <\/strong>Adresinde S\u00fcrprizler Var!<\/strong><\/h2>\n\n\n\n<p>Bu s\u00fcrprizler seni de aya\u011fa kald\u0131racak ve do\u011fru yede oldu\u011funu fark edeceksin. Bunun i\u00e7in <strong>jokera g\u00fcncel <strong>giri\u015f <\/strong><\/strong>ziyareti yeterli olacakt\u0131r. K\u0131sa s\u00fcre i\u00e7erisinde binlerce insana ula\u015fmay\u0131 ba\u015faran marka, sekt\u00f6r\u00fcn en \u00f6z verili ailelerinden biri ve sundu\u011fu f\u0131rsatlar sayesinde pop\u00fcler olmay\u0131 da fazlas\u0131yla hak ediyor.&nbsp;<\/p>\n\n\n\n<p>Sen de biraz olsun e\u011flenmek ve bu karanl\u0131k d\u00fcnyan\u0131n tad\u0131n\u0131 \u00e7\u0131kartmak istersen e\u011fer harekete ge\u00e7ebilir ve hemen \u015fimdi \u00fcyelik olu\u015fturabilirsin. Hedeflerine ba\u011fl\u0131 bir markadan s\u00f6z ediyorum ve bu marka sayesinde kazanman\u0131n hazz\u0131n\u0131 da iliklerine kadar hissediyor olacaks\u0131n.&nbsp;<\/p>\n\n\n\n<figure class=\"wp-block-image aligncenter size-full\"><a href=\"https:\/\/bagla.link\/PDQOb\" target=\"_blank\" rel=\" noreferrer noopener\"><img loading=\"lazy\" decoding=\"async\" width=\"352\" height=\"72\" src=\"https:\/\/www.jokeragiris.com\/wp-content\/uploads\/2025\/01\/button_jokera-giris.png\" alt=\"\" class=\"wp-image-26\" srcset=\"https:\/\/www.jokeragiris.com\/wp-content\/uploads\/2025\/01\/button_jokera-giris.png 352w, https:\/\/www.jokeragiris.com\/wp-content\/uploads\/2025\/01\/button_jokera-giris-300x61.png 300w\" sizes=\"auto, (max-width: 352px) 100vw, 352px\" \/><\/a><\/figure>\n\n\n\n<p><strong>Jokera <strong>giri\u015f <\/strong><\/strong>bonuslarla dolu bir e\u011flence alan\u0131 ve \u00fcyelerine kar\u015f\u0131 b\u00fcy\u00fck bir c\u00f6mertlik sergilemeye de devam ediyor. Sen de bu bonk\u00f6r tavra hayran kalacak ve kendine d\u00fczenli bir gelir kap\u0131s\u0131 a\u00e7m\u0131\u015f olacaks\u0131n.&nbsp;<\/p>\n\n\n\n<p>Bahis ve casino oyunlar\u0131 ile dolu olan bu ortamda harika bir deneyim seni bekliyor ve az \u00f6nce de s\u00f6yledi\u011fim gibi bonuslar konusunda en c\u00f6mert marka ve seni de k\u0131sa s\u00fcre i\u00e7erisinde ele ge\u00e7irecektir. Sen de karanl\u0131\u011f\u0131 seviyor ve buran\u0131n tad\u0131n\u0131 \u00e7\u0131kartmak istiyorsan e\u011fer harekete ge\u00e7ebilir ve hemen \u015fimdi ki\u015fisel hesap olu\u015fturabilirsin. \u00dcstelik yeni \u00fcyelere \u00f6zel \u00e7ok say\u0131da f\u0131rsat oldu\u011fu ger\u00e7e\u011fini de yine kendi g\u00f6zlerinle g\u00f6receksin.&nbsp;<\/p>\n\n\n\n<h2 class=\"wp-block-heading\" id=\"jokera-giris-seni-bekliyor-peki-ya-sen-neredesin\"><strong>Jokera Giri\u015f Seni Bekliyor. Peki Ya Sen Neredesin?<\/strong><\/h2>\n\n\n\n<p>B\u00fcy\u00fcleyici atmosferi ve g\u00fc\u00e7l\u00fc kadrosu ile birlikte oyuncu d\u00fcnyas\u0131n\u0131 kendine esir eden marka, son d\u00f6nemde y\u0131ld\u0131zla\u015ft\u0131. Sen de kahramanlar\u0131n e\u015flik edece\u011fi bir oyun alan\u0131nda yerini alabilir ve farkl\u0131 bir\u00e7ok oyun t\u00fcr\u00fcnde \u015fans\u0131n\u0131 en iyi \u015fekilde deneyebilirsin.&nbsp;<\/p>\n\n\n\n<p>Binlerce oyuncu ile birlikte zirvenin tad\u0131n\u0131 \u00e7\u0131karmak m\u00fcmk\u00fcn ve bu durum sana g\u00fczel paralar kazand\u0131racakt\u0131r. E\u015fsiz bir kalite ve profesyonelli\u011fe ev sahipli\u011fi yapan \u015fans oyunu \u015firketi seni de misafir etmek istiyor.&nbsp;<\/p>\n\n\n\n<figure class=\"wp-block-image aligncenter size-full\"><a href=\"https:\/\/bagla.link\/PDQOb\" target=\"_blank\" rel=\" noreferrer noopener\"><img loading=\"lazy\" decoding=\"async\" width=\"300\" height=\"75\" src=\"https:\/\/www.jokeragiris.com\/wp-content\/uploads\/2025\/01\/jokera1.jpg\" alt=\"\" class=\"wp-image-25\"\/><\/a><\/figure>\n\n\n\n<p>Batman karakterleri de sana e\u015flik edecek ve daha da \u00f6nemlisi bu deneyimi zirveye ta\u015f\u0131yacak bonus f\u0131rsatlar\u0131 da ayaklar\u0131n\u0131 bir noktada yerden kesecektir. Seni bekleyen s\u00fcrprizlere hemen \u015fimdi ula\u015fmak istersen e\u011fer harekete ge\u00e7ebilir ve bu ser\u00fcven i\u00e7in start verebilirsin.&nbsp;<\/p>\n\n\n\n<p><strong>Jokera g\u00fcncel <strong>giri\u015f <\/strong><\/strong>seni bekliyor ve kap\u0131lar\u0131n\u0131 ard\u0131na kadar aralad\u0131\u011f\u0131n\u0131 da ayr\u0131ca ifade etmek gerekiyor. Sen de hak etti\u011fin kalite ve profesyonelli\u011fi bu adreste bulacak ve harika bir deneyime imza at\u0131yor olacaks\u0131n.&nbsp;<\/p>\n\n\n\n<p>E\u011flencenin nabz\u0131 burada tutuluyor ve markan\u0131n geli\u015fmi\u015flik d\u00fczeyi ger\u00e7ekten tatmin edici g\u00f6r\u00fcn\u00fcyor. Sen de hayat\u0131na harika bir renk katmak ve g\u00fcn\u00fcn sonunda para kazanmak i\u00e7in yola \u00e7\u0131kabilirsin. Binlerce \u00fcyesi ile birlikte sekt\u00f6r\u00fcn en b\u00fcy\u00fck ve en kalabal\u0131k adreslerinden biri olarak kar\u015f\u0131na \u00e7\u0131kacakt\u0131r. Bahis d\u00fcnyas\u0131na y\u00f6n veren firma, yenilik\u00e7i ve vizyoner tavr\u0131 ile de \u00f6nc\u00fc olmay\u0131 ba\u015far\u0131yor. Bu ba\u015far\u0131dan sen de pay\u0131n\u0131 alacak ve kendini burada \u00e7ok daha \u00f6zel ve \u00e7ok daha iyi hissediyor olacaks\u0131n.&nbsp;<\/p>\n\n\n\n<figure class=\"wp-block-image aligncenter size-full\"><a href=\"https:\/\/bagla.link\/PDQOb\" target=\"_blank\" rel=\" noreferrer noopener\"><img loading=\"lazy\" decoding=\"async\" width=\"300\" height=\"75\" src=\"https:\/\/www.jokeragiris.com\/wp-content\/uploads\/2025\/01\/jokera1.jpg\" alt=\"\" class=\"wp-image-25\"\/><\/a><\/figure>\n","protected":false},"excerpt":{"rendered":"<p>Heyecan uyand\u0131ran oyun se\u00e7enekleri ve etkinlik f\u0131rsatlar\u0131 ile birlikte her daim g\u00fcndemde yer alan marka, jokera giri\u015f adresinde seni de [&hellip;]<\/p>\n","protected":false},"author":1,"featured_media":23,"parent":0,"menu_order":0,"comment_status":"closed","ping_status":"closed","template":"","meta":{"site-sidebar-layout":"default","site-content-layout":"","ast-site-content-layout":"default","site-content-style":"default","site-sidebar-style":"default","ast-global-header-display":"","ast-banner-title-visibility":"","ast-main-header-display":"","ast-hfb-above-header-display":"","ast-hfb-below-header-display":"","ast-hfb-mobile-header-display":"","site-post-title":"","ast-breadcrumbs-content":"","ast-featured-img":"","footer-sml-layout":"","ast-disable-related-posts":"","theme-transparent-header-meta":"","adv-header-id-meta":"","stick-header-meta":"","header-above-stick-meta":"","header-main-stick-meta":"","header-below-stick-meta":"","astra-migrate-meta-layouts":"default","ast-page-background-enabled":"default","ast-page-background-meta":{"desktop":{"background-color":"var(--ast-global-color-5)","background-image":"","background-repeat":"repeat","background-position":"center center","background-size":"auto","background-attachment":"scroll","background-type":"","background-media":"","overlay-type":"","overlay-color":"","overlay-opacity":"","overlay-gradient":""},"tablet":{"background-color":"","background-image":"","background-repeat":"repeat","background-position":"center center","background-size":"auto","background-attachment":"scroll","background-type":"","background-media":"","overlay-type":"","overlay-color":"","overlay-opacity":"","overlay-gradient":""},"mobile":{"background-color":"","background-image":"","background-repeat":"repeat","background-position":"center center","background-size":"auto","background-attachment":"scroll","background-type":"","background-media":"","overlay-type":"","overlay-color":"","overlay-opacity":"","overlay-gradient":""}},"ast-content-background-meta":{"desktop":{"background-color":"var(--ast-global-color-4)","background-image":"","background-repeat":"repeat","background-position":"center center","background-size":"auto","background-attachment":"scroll","background-type":"","background-media":"","overlay-type":"","overlay-color":"","overlay-opacity":"","overlay-gradient":""},"tablet":{"background-color":"var(--ast-global-color-4)","background-image":"","background-repeat":"repeat","background-position":"center center","background-size":"auto","background-attachment":"scroll","background-type":"","background-media":"","overlay-type":"","overlay-color":"","overlay-opacity":"","overlay-gradient":""},"mobile":{"background-color":"var(--ast-global-color-4)","background-image":"","background-repeat":"repeat","background-position":"center center","background-size":"auto","background-attachment":"scroll","background-type":"","background-media":"","overlay-type":"","overlay-color":"","overlay-opacity":"","overlay-gradient":""}},"footnotes":""},"class_list":["post-9","page","type-page","status-publish","has-post-thumbnail","hentry"],"_links":{"self":[{"href":"https:\/\/www.jokeragiris.com\/index.php\/wp-json\/wp\/v2\/pages\/9","targetHints":{"allow":["GET"]}}],"collection":[{"href":"https:\/\/www.jokeragiris.com\/index.php\/wp-json\/wp\/v2\/pages"}],"about":[{"href":"https:\/\/www.jokeragiris.com\/index.php\/wp-json\/wp\/v2\/types\/page"}],"author":[{"embeddable":true,"href":"https:\/\/www.jokeragiris.com\/index.php\/wp-json\/wp\/v2\/users\/1"}],"replies":[{"embeddable":true,"href":"https:\/\/www.jokeragiris.com\/index.php\/wp-json\/wp\/v2\/comments?post=9"}],"version-history":[{"count":11,"href":"https:\/\/www.jokeragiris.com\/index.php\/wp-json\/wp\/v2\/pages\/9\/revisions"}],"predecessor-version":[{"id":74,"href":"https:\/\/www.jokeragiris.com\/index.php\/wp-json\/wp\/v2\/pages\/9\/revisions\/74"}],"wp:featuredmedia":[{"embeddable":true,"href":"https:\/\/www.jokeragiris.com\/index.php\/wp-json\/wp\/v2\/media\/23"}],"wp:attachment":[{"href":"https:\/\/www.jokeragiris.com\/index.php\/wp-json\/wp\/v2\/media?parent=9"}],"curies":[{"name":"wp","href":"https:\/\/api.w.org\/{rel}","templated":true}]}}